 What are the prime factors of d(i)?
2
Let x(d) = d**2 - d + 4. Let g = 0 - 0. Let i be x(g). Suppose -i*t + 15 - 3 = 0. What are the prime factors of t?
3
What are the prime factors of (-549)/(-6) - 10/(-20)?
2, 23
Let i be -1 - 9/((-3)/1). Suppose 3*r = i*a - 0*r - 41, 0 = 4*a + 4*r - 92. Suppose 10 = v + 3*w, -18 - a = -4*v + w. What are the prime factors of v?
2, 5
Suppose -5*s = -103 - 387. List the prime factors of s.
2, 7
Let r(t) = -2*t**2 - 3*t + 3. Let a be r(6). Let p = -59 - a. List the prime factors of p.
2, 7
Let t(v) = 8*v**3 - 2*v**2 - v - 2. What are the prime factors of t(2)?
2, 13
Let g(b) = b**2 + 15*b + 4. Let c be g(-11). Let y = c + 67. List the prime factors of y.
3
Let f(b) = -4 + 2 - 4*b + 0*b**2 - b**2 - 3*b. Let m be (2 - 3)*(2 - -3). What are the prime factors of f(m)?
2
Let a be (-1)/6 + (-55)/(-6). Let n(s) = -s**2 + 16*s - 5. Let l be n(a). Suppose l - 13 = 5*r. List the prime factors of r.
3
Suppose 0 = 2*x - 3 - 3. Let b(c) = -c**2 + 5*c - 4. Let s be b(x). What are the prime factors of 13 + s + (-2)/1?
13
Let v = 15 - 9. Let q = -2 - -5. Suppose v = 2*n - 4*d, q*n = 3*d + 30 - 12. List the prime factors of n.
3
Let q = 14 - 10. Let o(w) = 2*w**2 - 3*w - 4. List the prime factors of o(q).
2
Suppose -3*g - 5 = 1. Let p(o) = 4*o**3 + 9*o**2 + o - 2. Let j(k) = 2*k**3 + 5*k**2 + k - 1. Let b(a) = 7*j(a) - 4*p(a). List the prime factors of b(g).
7
Let a(w) = w**3 - w**2 - w - 19. Let v(f) = 4 - 3*f**2 + 3*f**3 - 3*f - 41 + 0*f**2 - 19. Let r(z) = 11*a(z) - 4*v(z). List the prime factors of r(0).
3, 5
Let n(t) = -t**2 + 6*t - 6. Let h(g) = 3*g - 4. Let f be h(4). Suppose 0*o + 2*o = f. List the prime factors of n(o).
2
Suppose a = 2*g - 2 + 7, -4*g - 5*a - 45 = 0. Let v = 8 + g. What are the prime factors of v?
3
Suppose 5*o = -19 + 109. Let j = 33 - o. Suppose n - j = -3*b, 9*n - 4*n = 5*b - 5. What are the prime factors of b?
2
Suppose -3*f = -y - 13, f - y - 1 = 2. Suppose c + 3 - f = 0. Suppose z = c*q - 20, -5*q + z = -84 + 28. What are the prime factors of q?
2, 3
Suppose -5*b - 12 + 2 = 0. Let c be 6*(0/b - -3). What are the prime factors of 3/(2*3/c)?
3
Let n be (-154)/(-10) + 16/(-40). List the prime factors of (-30)/(-4)*36/n.
2, 3
Suppose -7*s + 9*s = 4. Suppose 198 = 4*m - s*b, -5*b + b = 5*m - 254. List the prime factors of m.
2, 5
List the prime factors of -6*(567/(-36))/((-3)/(-2)).
3, 7
Let m(u) = -u + 22. Let t = -13 - -13. What are the prime factors of m(t)?
2, 11
Suppose 2*m - 19 = -0*y - 3*y, 0 = 4*m - y - 17. Suppose 0 = -3*u + m*u - 18. What are the prime factors of u?
3
Suppose -2*q + 8 = 0, -2*q + 6*q = -5*y + 366. Suppose 0 = i - 6*i + y. What are the prime factors of i?
2, 7
List the prime factors of (-532)/(-16) + (-2)/8.
3, 11
Let q = -44 - -53. List the prime factors of q.
3
Let k be (-2)/5*165/(-22). Suppose 0 = 2*b - 5*p - 84, 2*b + k*b - 168 = 2*p. List the prime factors of b.
2
List the prime factors of 352/55*(1 + 19).
2
Suppose 5*o = -20, 22 = x - 4*o - o. Suppose -4*r - x*u + 25 = -57, 4*r - 80 = -4*u. What are the prime factors of r?
3, 7
Let g(f) = 18*f**2 - f. Let n = 6 + -7. What are the prime factors of g(n)?
19
Let p(u) = -u**3 - 3*u**2 + 2*u + 5. Let a be p(-4). Suppose 4 = -3*k + 2*k + 3*r, 2*k = -r + a. What are the prime factors of k?
5
Let c(a) = 17*a - 3*a**2 - a**3 + 0*a**2 - 9*a - 11*a. List the prime factors of c(-4).
2, 7
Let i(x) = x**2 - 4*x - 3. Let b(l) = l + 1. Let z be b(-3). Let d be i(z). Suppose 1 = 2*p - d. What are the prime factors of p?
5
Suppose -z + 6*z = 160. List the prime factors of z + 4*(-1)/(-4).
3, 11
Suppose 2*k - 4*f + 6 + 2 = 0, 0 = f - 3. Suppose 6 = -2*m + k*s, -5*m + 9 = -0*m + s. Let u = m - -2. What are the prime factors of u?
3
Let y(c) = -3*c - 6*c - 4*c**2 + 3*c + c**3 + 1. Let d be y(5). List the prime factors of 6/d*(1 + -3).
3
What are the prime factors of ((-26)/6)/(1/(-3))?
13
Let d(q) = -q**2 - 6*q + 10. List the prime factors of d(-7).
3
Let u(p) = -p**3 + 2*p**2 + 2*p - 1. Let b(l) = l**3 - 10*l**2 + 9*l + 2. Let k be b(9). Let c be u(k). List the prime factors of (-2)/(c*6/(-63)).
7
Let j = 0 + -30. Let d be -7*2 + (-5 - -1). Let s = d - j. What are the prime factors of s?
2, 3
Let g(r) = -r**2 - 5*r - 3. Let y(w) = -3*w**2 - 6 + 2*w**2 - 9*w - w**2. Let t(k) = 7*g(k) - 3*y(k). List the prime factors of t(-5).
2, 3
Suppose -276 - 1854 = -6*b. List the prime factors of b.
5, 71
Let a = 8 - 6. Suppose a*j = 5*z - 35, 5*z - 51 = j - 11. What are the prime factors of 6/27 + 151/z?
17
Suppose n - 310 = -4*n. List the prime factors of n.
2, 31
Let q(m) = m**2 + 10*m + 6. Suppose -3*w - 7 - 14 = 0. Let c be q(w). List the prime factors of (-5)/(c/24)*1.
2
Let f(t) = 3*t**2 + 3*t - 4. Let y = -1 - 2. What are the prime factors of f(y)?
2, 7
Suppose r + l - 3 = 0, -r - 22 - 5 = -5*l. Let t be r/7 - (-148)/28. Suppose 47 = t*s - 3. What are the prime factors of s?
2, 5
Let z(s) = 0*s**3 - 6 + 0*s**3 - 11*s + 9*s**2 + s**3. Let k be z(-10). Suppose 3*b + 5*c - 14 = 0, k = 3*c + c. What are the prime factors of b?
3
Let l(o) = -o**3 - 9*o**2 - 7*o + 10. Let b(c) = -c**3 - 8*c**2 + c. Let g be b(-8). What are the prime factors of l(g)?
2
Let q = 153 - 104. List the prime factors of q.
7
Suppose -4*l = -l - 3. Suppose -4*n + 22 = 3*b, b + 9 + l = 3*n. List the prime factors of n.
2
Let g = 3 + -4. Let z = 1 + g. Suppose 4*q + q + 21 = 3*t, z = 2*t + 5*q + 11. List the prime factors of t.
2
Let d(o) = -12*o - 2. Let x be d(-1). List the prime factors of x + -9 - 3*-5.
2
Let u(h) = -44*h**3 + 4*h**2 + 7*h + 4. What are the prime factors of u(-2)?
2, 179
Suppose 0 = 5*r - r + 16. What are the prime factors of 9 + 9/(-12)*r?
2, 3
Suppose 8*a + 8*a - 496 = 0. List the prime factors of a.
31
Suppose 5*u = -45 + 560. What are the prime factors of u?
103
Let x(p) = -p**2 - 13*p - 4. Let y be x(-6). Suppose -y + 6 = -4*l. List the prime factors of l.
2
Let y = 38 - 3. List the prime factors of y.
5, 7
Let r be ((-40)/(-25))/(2/80). Suppose 2 = -2*v - y + 24, -4*v = -3*y - r. List the prime factors of v.
13
Let o be (-4)/((-3)/(3 + 0)). What are the prime factors of (2 - o)/(-1) - 0?
2
Suppose -17*h + 160 = -15*h. What are the prime factors of h?
2, 5
Let m be 76/18 - (-4)/(-18). Suppose -x = -2*x + 5*w - 21, m*x + 27 = w. Let r(n) = -n + 1. List the prime factors of r(x).
7
Let b(m) = -2*m - 6. Suppose -10 = -g - 5. Suppose -3*c = g*u + 33, 5*c + 3 = 2*c. List the prime factors of b(u).
2, 3
Let y be (-2 - -3) + 2 + -7. What are the prime factors of (0 + 2/y)*-38?
19
Suppose -142 = -5*c + 3*n - 0*n, 0 = 3*n + 12. What are the prime factors of c?
2, 13
Suppose -r + 6*r = 10. Suppose r*s - 24 = -s. List the prime factors of s.
2
Let v = 80 - 29. What are the prime factors of v?
3, 17
Let y = 82 - 27. What are the prime factors of y?
5, 11
Let j be (-2)/(-9) - 202/18. Let r be (-3)/(-18) - j/6. Suppose 0*l + 8 = q + r*l, -10 = -q - 3*l. What are the prime factors of q?
2
Suppose -p + 2*n = 3*p - 200, -200 = -4*p + 3*n. List the prime factors of 20/p - 273/(-5).
5, 11
Suppose 24*f = 21*f + 249. What are the prime factors of f?
83
Suppose -4*l + 49 = -107. What are the prime factors of l?
3, 13
Let g = -55 + 79. Let j = -13 + g. What are the prime factors of j?
11
Let t(p) = -p + 1. Let a(x) = x**2 - 5*x - 8. Let f be a(6). List the prime factors of t(f).
3
Let b = 151 + -117. List the prime factors of b.
2, 17
Let a(f) = 119*f + 3. What are the prime factors of a(1)?
2, 61
Let h = -102 - -171. List the prime factors of h.
3, 23
Let k = 7 + -7. Suppose k = 5*l - 3*q + 6*q - 50, 0 = 3*q. Let o = -5 + l. List the prime factors of o.
5
Let d = -43 - -25. Let p = d - -35. What are the prime factors of p?
17
Let l be (-1)/(-3) - (-32)/12. Suppose 0 = -i - l*i + 48. What are the prime factors of i?
2, 3
List the prime factors of ((-2)/(-6))/(2/2190).
5, 73
Let o(s) = -8*s + 1. Let b be o(1). Let m = -3 - b. Suppose -3 = -m*y + 5. What are the prime factors of y?
2
Let l(g) = -23*g**3 + g + 1. What are the prime factors of l(-1)?
23
Suppose -2*u - 3 = 1. Let f = u - 5. Let k = 16 + f. What are the prime factors of k?
3
Suppose 128 = 2*f + 2*f. What are the prime factors of f?
2
Suppose b - 50 = -5*h, 0 = 4*b - 0*h - 4*h - 104. What are the prime factor